9, 421, 4283
What are the prime factors of 47964019?
271, 176989
What are the prime factors of 111342432?
2, 3, 19, 61043
What are the prime factors of 995787951?
3, 41, 229, 35353
What are the prime factors of 122489967?
3, 40829989
What are the prime factors of 446214298?
2, 223107149
What are the prime factors of 1301647658?
2, 29, 773869
What are the prime factors of 188393717?
188393717
List the prime factors of 80550196.
2, 19, 1059871
What are the prime factors of 24363802?
2, 3313, 3677
What are the prime factors of 113259260?
2, 5, 5662963
List the prime factors of 10170425.
5, 406817
List the prime factors of 29585390.
2, 5, 2958539
List the prime factors of 2122136442.
2, 3, 61, 191, 3373
What are the prime factors of 117643174?
2, 11, 19, 431, 653
List the prime factors of 204420349.
7, 3167, 9221
List the prime factors of 125347573.
13, 9642121
List the prime factors of 278141108.
2, 7, 9933611
List the prime factors of 227190758.
2, 41, 43, 64433
List the prime factors of 357155239.
7, 223, 228799
List the prime factors of 694403003.
7, 99200429
What are the prime factors of 3532178115?
3, 5, 4483, 17509
What are the prime factors of 653356681?
653356681
What are the prime factors of 5590858303?
991, 5641633
List the prime factors of 408771931.
8563, 47737
What are the prime factors of 1213150671?
3, 134794519
What are the prime factors of 145629025?
5, 5825161
List the prime factors of 31747095.
3, 5, 705491
What are the prime factors of 444877035?
3, 5, 1697, 17477
List the prime factors of 73096059.
3, 19, 1282387
List the prime factors of 1585365340.
2, 5, 13, 199, 2357
List the prime factors of 27576959.
27576959
What are the prime factors of 560246726?
2, 13, 21547951
What are the prime factors of 1133394696?
2, 3, 7, 103, 3119
List the prime factors of 2138461671.
3, 17, 41930621
What are the prime factors of 50156140?
2, 5, 31, 80897
What are the prime factors of 7127714?
2, 11, 323987
What are the prime factors of 48423171?
3, 107, 251, 601
What are the prime factors of 3312563011?
28099, 117889
What are the prime factors of 1438387614?
2, 3, 419, 190717
What are the prime factors of 234624287?
4211, 55717
What are the prime factors of 149913964?
2, 37478491
What are the prime factors of 6269385?
3, 5, 417959
What are the prime factors of 271998357?
3, 19, 1049, 4549
What are the prime factors of 51367027?
23, 103, 21683
What are the prime factors of 2371160749?
41, 57833189
List the prime factors of 554036924.
2, 7, 403817
List the prime factors of 90049983.
3, 30016661
List the prime factors of 43363496.
2, 11, 44797
What are the prime factors of 2038081701?
3, 31, 21914857
List the prime factors of 337456939.
89, 3791651
What are the prime factors of 31509054?
2, 3, 583501
List the prime factors of 2851660399.
7, 769, 75679
What are the prime factors of 143289763?
113, 1268051
What are the prime factors of 66256255?
5, 13, 523, 1949
What are the prime factors of 7577544?
2, 3, 13, 149, 163
List the prime factors of 7204369.
31, 307, 757
List the prime factors of 44397653.
44397653
List the prime factors of 38216462.
2, 1051, 18181
List the prime factors of 147659653.
147659653
List the prime factors of 49655620.
2, 5, 7, 23, 2203
What are the prime factors of 27507160?
2, 5, 687679
What are the prime factors of 2866898068?
2, 19, 3677, 10259
What are the prime factors of 37128535?
5, 7425707
What are the prime factors of 83307729?
3, 101, 274943
What are the prime factors of 10399615?
5, 2079923
List the prime factors of 237073886.
2, 7, 1093, 15493
List the prime factors of 1172914774.
2, 109, 5380343
What are the prime factors of 45405628?
2, 11351407
What are the prime factors of 112848596?
2, 7, 251, 16057
What are the prime factors of 56517808?
2, 23, 109, 1409
What are the prime factors of 142515518?
2, 1699, 41941
List the prime factors of 166244217.
3, 41, 47, 149, 193
What are the prime factors of 122630801?
61, 2010341
List the prime factors of 500105355.
3, 5, 33340357
List the prime factors of 159836213.
181, 883073
List the prime factors of 28215589.
19, 1485031
List the prime factors of 1187137061.
11, 107921551
List the prime factors of 71242404.
2, 3, 151, 39317
What are the prime factors of 2091282594?
2, 3, 587, 593777
What are the prime factors of 475755975?
3, 5, 131, 16141
What are the prime factors of 282207517?
282207517
What are the prime factors of 401415393?
3, 73, 1832947
What are the prime factors of 336192910?
2, 5, 33619291
List the prime factors of 6346732757.
17, 21961013
What are the prime factors of 8505865665?
3, 5, 11, 17183567
List the prime factors of 44869542.
2, 3, 7478257
List the prime factors of 306450909.
3, 37, 920273
What are the prime factors of 2116606367?
281, 7532407
What are the prime factors of 9344557?
67, 211, 661
List the prime factors of 313556651.
313556651
What are the prime factors of 56949853?
47, 113, 10723
What are the prime factors of 788295106?
2, 59, 197, 33911
What are the prime factors of 44072274?
2, 3, 509, 14431
What are the prime factors of 29117134?
2, 41, 355087
What are the prime factors of 4995502960?
2, 5, 7, 1274363
What are the prime factors of 598571433?
3, 1319, 50423
List the prime factors of 3067916540.
2, 5, 13, 47, 251057
What are the prime factors of 115524757?
41, 2817677
List the prime factors of 6682179866.
2, 3341089933
List the prime factors of 13086008.
2, 13, 9679
List the prime factors of 485553430.
2, 5, 48555343
What are the prime factors of 848403930?
2, 3, 5, 11, 2570921
List the prime factors of 3471064979.
37, 677, 138571
What are the prime factors of 106599990?
2, 3, 5, 7, 127, 571
List the prime factors of 51874824.
2, 3, 97, 22283
What are the prime factors of 32637423?
3, 7, 13, 119551
What are the prime factors of 45477654?
2, 3, 607, 12487
List the prime factors of 80635767.
3, 26878589
What are the prime factors of 78457726?
2, 19, 1093, 1889
What are the prime factors of 164154438?
2, 3, 7, 144757
What are the prime factors of 45266720?
2, 5, 282917
List the prime factors of 325749279.
3, 1579, 68767
List the prime factors of 219424451.
251, 571, 1531
List the prime factors of 1722524405.
5, 7, 17, 61, 47459
List the prime factors of 816801952.
2, 419, 60919
List the prime factors of 51804258.
2, 3, 11, 784913
List the prime factors of 24908070.
2, 3, 5, 11, 75479
List the prime factors of 81258922.
2, 283, 143567
List the prime factors of 142427468.
2, 29, 503, 2441
List the prime factors of 38565371.
13, 179, 16573
List the prime factors of 6720310561.
6720310561
List the prime factors of 14300269.
31, 461299
List the prime factors of 776847329.
776847329
List the prime factors of 3069403814.
2, 1123, 1366609
List the prime factors of 14203957.
617, 23021
What are the prime factors of 17701463?
13, 41, 33211
What are the prime factors of 1986647141?
1986647141
What are the prime factors of 165797003?
5953, 27851
What are the prime factors of 13181841?
3, 1464649
What are the prime factors of 1204442336?
2, 37638823
List the prime factors of 2517014637.
3, 23, 101, 120391
What are the prime factors of 48451330?
2, 5, 19, 255007
What are the prime factors of 215470995?
3, 5, 67, 214399
List the prime factors of 514827215.
5, 7, 59, 249311
What are the prime factors of 53434147?
13, 4110319
List the prime factors of 3797732.
2, 17, 55849
What are the prime factors of 18084379?
17, 37, 28751
List the prime factors of 64131538.
2, 32065769
What are the prime factors of 7139442?
2, 3, 1189907
What are the prime factors of 297040756?
2, 19, 313, 12487
What are the prime factors of 16236087?
3, 7, 773147
List the prime factors of 321200508.
2, 3, 563, 47543
What are the prime factors of 5455616?
2, 101, 211
What are the prime factors of 946495336?
2, 19, 181, 34403
What are the prime factors of 101752939?
17, 41, 145987
What are the prime factors of 1118527590?
2, 3, 5, 167, 223259
What are the prime factors of 369855234?
2, 3, 7, 31, 167
What are the prime factors of 140477727?
3, 13, 3601993
What are the prime factors of 202881111?
3, 17, 293, 13577
List the prime factors of 609075131.
7, 41, 2122213
List the prime factors of 45968046.
2, 3, 79, 96979
List the prime factors of 623826201.
3, 207942067
What are th